+ 14 + -16.
-5
Evaluate 2 + -6 + (2 - -2).
0
Evaluate (-3 - (-1 - -1)) + 1 + -2.
-4
(8 - 3) + 0 - 1
4
What is the value of -2 - ((-10 - -4) + 1 + 2)?
1
What is the value of -3 - -3 - (2 - (7 - 4))?
1
What is the value of -1 + 1 + 0 + -1?
-1
What is the value of 9 + 2 + (2 - 10)?
3
Evaluate -1 + 5 + (7 - 2 - 3).
6
Evaluate 1 + -7 - (-3 + (-1 - -1)).
-3
Calculate (-3 - 0) + (-6 + 17 - 5).
3
-11 + 9 + (0 - 0 - 1)
-3
What is the value of 2 - 1 - (-9 - -4)?
6
Evaluate 0 + 1 + (-38 - -45) + -2.
6
What is (-27 - -25) + (1 - -1)?
0
What is the value of 1 + -7 - (3 - (37 - 21))?
7
What is the value of -4 - 7 - (-3 - 4)?
-4
Calculate -12 - (1 - 5) - -17.
9
Evaluate 5 - (0 - (3 + -3 + 0)).
5
Evaluate -27 - -24 - (-2 - 0).
-1
What is the value of -1 - 6 - (7 + -21 + 15)?
-8
Evaluate (34 - 42) + (0 - -3).
-5
Calculate 0 - ((6 - 3) + 1).
-4
Evaluate 0 + 1 + 3 + -6 + 6.
4
What is the value of 10 - (7 - (5 - 2))?
6
What is the value of -6 + 3 + -1 + 5?
1
-11 - -8 - (2 - 0)
-5
What is the value of 2 + 0 + 2 - (1 - -2)?
1
What is the value of (-1 + 1 - (5 + -4)) + -3?
-4
What is -1 - -2 - (6 + -5)?
0
What is the value of 2 + 7 - 6 - (-2 - -3)?
2
Calculate -2 + 5 + -2 - -4.
5
What is the value of (0 - (1 + -1) - -1) + 3?
4
-8 - (0 - 3) - (-1 + -3)
-1
What is the value of (-1 - -4 - -2) + -2?
3
Evaluate (-18 - 0) + 91 + -81.
-8
What is 1 + 2 - (-7 + 11 + -5)?
4
5 + -19 - (-10 - 0)
-4
6 - -4 - 8 - -1
3
Calculate -4 - (-3 + (-2 - 4)).
5
What is 6 - ((-1 - 6) + 19)?
-6
What is the value of 1 - 2 - (-3 + 1)?
1
2 + -1 + (3 - 4)
0
What is the value of -4 + (3 - 2) - (-1 - 1)?
-1
Calculate 1 + -1 - -5 - 9.
-4
What is the value of 3 - (-8 + (-4 - -22))?
-7
What is (41 - 39) + (9 - 2 - 2)?
7
5 - 8 - (1 - (-1 - 0))
-5
What is the value of 5 + (-1 - 1) + -6 - 1?
-4
(-5 - -1) + -4 + (19 - 12)
-1
Calculate 8 + -6 + -1 + -4.
-3
3 - (-1 + 2) - (-13 - -16)
-1
-6 - -2 - -2 - (8 - 8)
-2
Evaluate 2 + (-6 - 6) + 5 + 6.
1
Evaluate -41 - -47 - (7 - 0).
-1
What is the value of (31 - 35) + (0 + -1 - -9)?
4
Calculate -6 + 6 - (4 - 1).
-3
-6 - (6 + 5 + 1 + -7)
-11
Evaluate (-6 - (-5 - 1)) + 3.
3
5 + (5 - (13 - 1))
-2
-3 - ((-4 - -1) + -4)
4
What is the value of 7 + 2 + -6 + 4 + 0?
7
Calculate 1 + -9 - (10 - (19 + -4)).
-3
What is 4 + (-5 - 2) - 2?
-5
Calculate 7 + -2 + 2 + -3.
4
-5 - -1 - (-23 + 24)
-5
Evaluate 0 - -4 - (-4 + 9).
-1
Calculate (-14 - -6) + -6 + 14.
0
Evaluate (5 - 5) + 0 + 2.
2
Calculate 68 - 62 - (1 + 5).
0
(4 - 0) + -9 + 7
2
Calculate -1 + 10 + (-8 + 5 - 1).
5
Evaluate -4 + 10 + (-3 - 0) - 3.
0
What is the value of 6 + (12 - 9) + (2 - 1)?
10
Calculate -5 - -3 - -3 - -3.
4
Evaluate -1 - 3 - (-172 - -167).
1
Calculate -1 - (-1 - (-5 - -3 - 1)).
-3
What is the value of -5 - -7 - 3 - 8 - -4?
-5
What is -1 + -12 + 22 - 17?
-8
Calculate -3 + (5 + 0 + -10 - -10).
2
11 - ((-3 - -3) + 6)
5
Calculate 2 + 1 + 39 + -50.
-8
Calculate 5 + -5 - -4 - (-1 - -3).
2
What is (4 + -5 - 1) + -1?
-3
1 + 1 + (-11 - -5)
-4
What is the value of -1 - (-1 + 5 + -9) - 8?
-4
Evaluate (-15 - -10) + 9 + -2.
2
Calculate 1 + -11 - (5 + 0 + -11).
-4
What is the value of 5 - 2 - 0 - (0 - -7)?
-4
(2 - 1) + (19 - 16)
4
-5 - ((-3 - 13) + 11)
0
What is -1 - -7 - (45 - 44)?
5
What is (17 - 4 - 4) + -6 + 2?
5
What is the value of -4 + 10 + -1 + -8?
-3
Calculate 0 + 0 + 0 - (16 + -20).
4
Calculate 7 + (3 - 10) - 5.
-5
What is the value of 9 + (-2 - -3) + -11?
-1
Calculate (9 - 3 - 3) + 5 + -8.
0
-1 + 2 + -5 + -8 + 17
5
Evaluate -5 - (1 + -2 - -1).
-5
(63 - 64) + -1 + -3
-5
What is the value of 5 + (3 + -6 - 2)?
0
Evaluate -13 - -11 - (-6 - 2) - -2.
8
Calculate 4 + (-2 - -2) + -2 - 0.
2
Evaluate -5 - (4 - (7 - (4 - 4))).
-2
-1 - (4 + (1 - 6))
0
Evaluate 5 - (2 - (0 - (0 - 2))).
5
What is the value of -3 + (-3 - 4 - -4 - -3)?
-3
What is the value of 5 + (2 - (-3 + 1) - 6)?
3
What is the value of 12 - (-9 + (25 - 12))?
8
What is the value of (3 - -3) + (-5 - -2) - 7?
-4
What is the value of 4 + 2 + -1 - 2?
3
(2 - 6) + -4 + 3
-5
-11 - ((-6 - -2) + 2)
-9
What is 13 + -18 + (13 - 2)?
6
Calculate -2 + 1 + 1 + -3.
-3
What is 6 + -1 + -1 + 1?
5
What is the value of (-11 - (12 - 11)) + 7?
-5
5 + -7 + 0 - -3
1
What is 2 - (-1 - (6 - 2))?
7
Calculate -7 - (-7 - 1) - (5 - -1).
-5
What is the value of 0 + -5 + 32 + -33?
-6
What is the value of -3 + 1 + 2 - -3?
3
5 - (2 + 4 + -8)
7
Calculate 8 + 1 - (64 + -55).
0
(-2 - -4) + 1 - (-2 + 5)
0
6 - (2 + -1 + 1)
4
Calculate -1 + (4 + -2 - -2).
3
What is the value of -7 + (6 - (1 + 1))?
-3
Calculate 8 + -3 + -9 + 8.
4
Evaluate -6 - (-9 - (0 + -2 + -2)).
-1
What is -4 - (-2 - 3) - (2 + -9)?
8
2 + -2 + (3 - 5) + 5
3
Calculate -2 - (3 + 8 + -5 - 9).
1
6 + (-14 - 4) + 6
-6
What is the value of -1 - 3 - 5 - -8?
-1
What is the value of -1 + 5 + -2 + -1 + 1?
2
6 - (-7 + 14 - -1)
-2
Calculate (13 - (5 - -7)) + 2.
3
Evaluate -54 + 48 - (-3 + 1).
-4
11 - 12 - -11 - (8 - 1)
3
Calculate 1 - 1 - (7 + -2).
-5
What is -1 + 0 + 4 + -1 + 3?
5
(5 + -2 - -12) + -15 + 8
8
Evaluate -2 + 2 + 1 - (2 - 1).
0
What is 3 - 0 - (49 + -51)?
5
What is (4 - 2 - 3) + 49 + -47?
1
What is 1 + 1 + 1 + 3 + -7?
-1
What is 3 - (6 + 1) - -2?
-2
Evaluate (7 - 14) + 3 + 6.
2
Calculate (-2 - 0) + -3 - -4.
-1
What is the value of 34 + -38 - (-8 + -2 - -2)?
4
What is the value of 9 - (8 - (9 - 16))?
-6
Evaluate 6 + -1 + 1 + 37 + -42.
1
Calculate 4 + (0 - -6) + -1 + -7.
2
Calculate -1 - (5 - (0 + (10 - 6))).
-2
What is the value of 5 - (-5 - -2) - 6?
2
2 + -2 + -3 + 6
3
Evaluate (5 - (-4 + 2)) + 0 + -1.
6
What is the value of 23 - 18 - (1 + 1)?
3
What is the value of (-4 - (4 + -5) - 2) + 1?
-4
What is -12 + 7 - 2 - -10?
3
What is 10 - ((8 - -6) + 0)?
-4
What is the value of -4 - -3 - (-1 + (0 - -4))?
-4
1 + 1 + (-23 - -19)
-2
What is (-7 - -17) + -5 - 0?
5
What is -4 + 0 + 2 - (-3 - 0)?
1
Evaluate -3 - 0 - (-8 + 1 - -1).
3
(4 - 1) + 11 + -13 + 2
3
Calculate (-26 - -24) + -2 + 11.
7
Calculate -3 - (-18 - -6) - 4 - 1.
4
Evaluate -1 - ((3 - 3) + -3 + -2).
4
What is the value of -8 + 12 - (-11 + 7)?
8
Calculate (3 - 4) + 3 - 0 - 0.
2
Evaluate 10 - 10 - (-2 - -2 - -4).
-4
What is 1 - 1 - (-10 + 13) - 3?
-6
Evaluate (-232 - -235) + (0 - 12).
-9
Calculate 1 + 3 - (15 + -3 - 9).
1
(2 - (-6 + 3)) + 3 + -5
3
What is 5 + 0 + 2 + (-1 - 4)?
2
Evaluate 7 + -5 + 8 + -5.
5
-6 - (2 - -4 - 17)
5
2 + -1 + -8 + 5
-2
Evaluate -1 + (2 - 1 - 3 - 0).
-3
What is 4 + 3 + -9 + -3 + 2?
-3
What is the value of 10 + (-8 - 0 - -5) - 4?
3
10 + (-1 - (4 - -3)) - 8
-6
Calculate (0 - 0) + (-4 - (-11 + 4)).
3
What is -1 + 5 + -67 + 68?
5
Calculate -7 + 13 + 3 - 8.
1
Calculate 0 + (1 - 1) + -2 + 3.
1
Evaluate 12 + (-15 - -8) - (9 - -2).
-6
Evaluate 10 - (4 + 3 + 2).
1
(8 - 9) + 4 + -3 + -6
-6
(1 - 3) + (-19 - -16)
-5
Calculate (3 - (9 - -2)) + (0 - -4).
-4
Evaluate (4 - (10 + (-1 - 2))) + -2.
-5
-2 + -2 - -2 - -5
3
Calculate 2 + (-4 - -1) + -3 + 4.
0
Evaluate (1 + -2 - -3) + 1 + 2.
5
What is the value of -48 + 48 + (2 - 1)?
1
2 - 9 - (4 + -10 + 4)
-5
Calculate -2 + -4 + (-4 - (-9 + 3)).
-4
Calculate -4 + -2 + 5 + (1 - -4).
4
What is 19 + -21 + (-1 - -3)?
0
Evaluate -5 - (-4 - (5 + -2)).
2
What is (2 - -1) + (-7 - -6)?
2
What is the value of 5 - (-4 + (4 - (-5 + -6)))?
-6
Calculate (3 - -2) + -21 + 17.
1
Calculate 8 - (23 + -9 + -1).
-5
1 + (2 - 3) - 0
0
Evaluate 6 + 3 + -6 + -1 + 6.
8
Evaluate (3 - -1) + 20 + -20.
4
-1 - 5 - (28 - 30)
-4
9 - (1 - -5 - 2)
5
What is the value of 0 - -4 - 0 - 1?
3
Calculate (-6 + 17 - 1) + -10.
0
0 + 4 - (16 - 2)
-10
5 + (-11 - -5) - 0
-1
Calculate 6 - (4 - (2 + -2)).
2
-9 - -2 - (-1 + -2)
-4
What is the value of (3 - 0) + (0 - 2) + -1?
0
Evaluate (10 - 12) + (0 - -1).
-1
(-12 + 4 - -4) + 0 + 4
0
Evaluate 0 - 8 - (-45 + 44) - 0.
-7
(1 - -2) + (-15 - -15) + -1
2
What is the value of (-5 - -4) + -4 - -9?
4
Calculate 1 + 1 + 3 + 1.
6
Evaluate (0 - -4) + (3 - -4 - 12).
-1
Calculate -18 + 22 + 3 + -1.
6
Evaluate 2 + 1 - (5 + -2).
0
What is (-12 - (-25 + 13)) + (6 - 0)?
6
What is 4 - (3 + 2 + 5 - 4)?
-2
7 + (-12 - 1) + 12
6
What is the value of 1 + 1 - (8 + (-8 - -1))?
1
What is -20 + 19 - (0 + 1) - -1?
-1
Evaluate -7 - (1 + -7 - (39 + -40)).
-2
Evaluate -7 + -1 + 6 + -2.
-4
Evaluate 1 + -3 + 3 - -1.
2
What is 14 - (-1 + 19 + -13)?
9
Calculate -2 + (0 + (-3 - -5) - 1).
-1
What is the value of 8 - 3 - (-1 + 5) - -4?
5
What is 10 - (0 +